[INFO] cloning repository https://github.com/zlepper/actix_web_mre
[INFO] running `Command { std: "git" "-c" "credential.helper=" "-c" "credential.helper=/workspace/cargo-home/bin/git-credential-null" "clone" "--bare" "https://github.com/zlepper/actix_web_mre" "/workspace/cache/git-repos/https%3A%2F%2Fgithub.com%2Fzlepper%2Factix_web_mre", kill_on_drop: false }`
[INFO] [stderr] Cloning into bare repository '/workspace/cache/git-repos/https%3A%2F%2Fgithub.com%2Fzlepper%2Factix_web_mre'...
[INFO] running `Command { std: "git" "rev-parse" "HEAD", kill_on_drop: false }`
[INFO] [stdout] bee25657e56bf56b94d576c90e30fd7d60662660
[INFO] checking zlepper/actix_web_mre against try#72f88fc4e9458f89516a0b8b0868f3718aec5b47 for pr-74989
[INFO] running `Command { std: "git" "clone" "/workspace/cache/git-repos/https%3A%2F%2Fgithub.com%2Fzlepper%2Factix_web_mre" "/workspace/builds/worker-13/source", kill_on_drop: false }`
[INFO] [stderr] Cloning into '/workspace/builds/worker-13/source'...
[INFO] [stderr] done.
[INFO] validating manifest of git repo https://github.com/zlepper/actix_web_mre on toolchain 72f88fc4e9458f89516a0b8b0868f3718aec5b47
[INFO] running `Command { std: "/workspace/cargo-home/bin/cargo" "+72f88fc4e9458f89516a0b8b0868f3718aec5b47" "read-manifest" "--manifest-path" "Cargo.toml", kill_on_drop: false }`
[INFO] started tweaking git repo https://github.com/zlepper/actix_web_mre
[INFO] finished tweaking git repo https://github.com/zlepper/actix_web_mre
[INFO] tweaked toml for git repo https://github.com/zlepper/actix_web_mre written to /workspace/builds/worker-13/source/Cargo.toml
[INFO] crate git repo https://github.com/zlepper/actix_web_mre already has a lockfile, it will not be regenerated
[INFO] running `Command { std: "/workspace/cargo-home/bin/cargo" "+72f88fc4e9458f89516a0b8b0868f3718aec5b47" "fetch" "--locked" "--manifest-path" "Cargo.toml", kill_on_drop: false }`
[INFO] [stderr]  Downloading crates ...
[INFO] [stderr]   Downloaded actix-rt v1.0.0
[INFO] [stderr]   Downloaded actix-macros v0.1.1
[INFO] [stderr]   Downloaded enum-as-inner v0.3.0
[INFO] [stderr]   Downloaded actix-testing v1.0.0
[INFO] [stderr]   Downloaded actix-web-codegen v0.2.0
[INFO] [stderr]   Downloaded bytestring v0.1.2
[INFO] [stderr]   Downloaded actix-server v1.0.1
[INFO] [stderr]   Downloaded derive_more v0.99.2
[INFO] [stderr]   Downloaded actix-connect v1.0.1
[INFO] [stderr]   Downloaded actix-service v1.0.1
[INFO] [stderr]   Downloaded actix-utils v1.0.4
[INFO] [stderr]   Downloaded actix-threadpool v0.3.1
[INFO] [stderr]   Downloaded tokio v0.2.6
[INFO] [stderr]   Downloaded pin-project-lite v0.1.1
[INFO] running `Command { std: "docker" "create" "-v" "/var/lib/crater-agent-workspace/builds/worker-13/target:/opt/rustwide/target:rw,Z" "-v" "/var/lib/crater-agent-workspace/builds/worker-13/source:/opt/rustwide/workdir:ro,Z" "-v" "/var/lib/crater-agent-workspace/cargo-home:/opt/rustwide/cargo-home:ro,Z" "-v" "/var/lib/crater-agent-workspace/rustup-home:/opt/rustwide/rustup-home:ro,Z" "-e" "SOURCE_DIR=/opt/rustwide/workdir" "-e" "CARGO_TARGET_DIR=/opt/rustwide/target" "-e" "CARGO_HOME=/opt/rustwide/cargo-home" "-e" "RUSTUP_HOME=/opt/rustwide/rustup-home" "-w" "/opt/rustwide/workdir" "-m" "1610612736" "--user" "0:0" "--network" "none" "rustops/crates-build-env@sha256:d92eaeed33fa75130ca1ee6c8a01d1ffb62bac859dfdfb3450e3e5d1c0146529" "/opt/rustwide/cargo-home/bin/cargo" "+72f88fc4e9458f89516a0b8b0868f3718aec5b47" "metadata" "--no-deps" "--format-version=1", kill_on_drop: false }`
[INFO] [stdout] 9a28c0d147146f442f0a90375754288b9a57f58a87ecac320f4a17543760cb3e
[INFO] [stderr] WARNING: Your kernel does not support swap limit capabilities or the cgroup is not mounted. Memory limited without swap.
[INFO] running `Command { std: "docker" "start" "-a" "9a28c0d147146f442f0a90375754288b9a57f58a87ecac320f4a17543760cb3e", kill_on_drop: false }`
[INFO] running `Command { std: "docker" "inspect" "9a28c0d147146f442f0a90375754288b9a57f58a87ecac320f4a17543760cb3e", kill_on_drop: false }`
[INFO] running `Command { std: "docker" "rm" "-f" "9a28c0d147146f442f0a90375754288b9a57f58a87ecac320f4a17543760cb3e", kill_on_drop: false }`
[INFO] [stdout] 9a28c0d147146f442f0a90375754288b9a57f58a87ecac320f4a17543760cb3e
[INFO] running `Command { std: "docker" "create" "-v" "/var/lib/crater-agent-workspace/builds/worker-13/target:/opt/rustwide/target:rw,Z" "-v" "/var/lib/crater-agent-workspace/builds/worker-13/source:/opt/rustwide/workdir:ro,Z" "-v" "/var/lib/crater-agent-workspace/cargo-home:/opt/rustwide/cargo-home:ro,Z" "-v" "/var/lib/crater-agent-workspace/rustup-home:/opt/rustwide/rustup-home:ro,Z" "-e" "SOURCE_DIR=/opt/rustwide/workdir" "-e" "CARGO_TARGET_DIR=/opt/rustwide/target" "-e" "CARGO_INCREMENTAL=0" "-e" "RUST_BACKTRACE=full" "-e" "RUSTFLAGS=--cap-lints=forbid" "-e" "CARGO_HOME=/opt/rustwide/cargo-home" "-e" "RUSTUP_HOME=/opt/rustwide/rustup-home" "-w" "/opt/rustwide/workdir" "-m" "1610612736" "--user" "0:0" "--network" "none" "rustops/crates-build-env@sha256:d92eaeed33fa75130ca1ee6c8a01d1ffb62bac859dfdfb3450e3e5d1c0146529" "/opt/rustwide/cargo-home/bin/cargo" "+72f88fc4e9458f89516a0b8b0868f3718aec5b47" "check" "--frozen" "--all" "--all-targets" "--message-format=json", kill_on_drop: false }`
[INFO] [stdout] 3f1b567860a29fd4feeae84bef60b9233d5777fd280ab0d38c87facd22376009
[INFO] [stderr] WARNING: Your kernel does not support swap limit capabilities or the cgroup is not mounted. Memory limited without swap.
[INFO] running `Command { std: "docker" "start" "-a" "3f1b567860a29fd4feeae84bef60b9233d5777fd280ab0d38c87facd22376009", kill_on_drop: false }`
[INFO] [stderr]    Compiling syn v1.0.12
[INFO] [stderr]     Checking cfg-if v0.1.10
[INFO] [stderr]     Checking futures-core v0.3.1
[INFO] [stderr]     Checking futures-sink v0.3.1
[INFO] [stderr]    Compiling proc-macro-nested v0.1.3
[INFO] [stderr]     Checking bytes v0.5.3
[INFO] [stderr]     Checking smallvec v1.1.0
[INFO] [stderr]     Checking pin-utils v0.1.0-alpha.4
[INFO] [stderr]     Checking futures-io v0.3.1
[INFO] [stderr]     Checking arc-swap v0.4.4
[INFO] [stderr]     Checking futures-task v0.3.1
[INFO] [stderr]    Compiling bitflags v1.2.1
[INFO] [stderr]     Checking matches v0.1.8
[INFO] [stderr]     Checking copyless v0.1.4
[INFO] [stderr]     Checking ppv-lite86 v0.2.6
[INFO] [stderr]     Checking percent-encoding v2.1.0
[INFO] [stderr]    Compiling serde v1.0.104
[INFO] [stderr]     Checking linked-hash-map v0.5.2
[INFO] [stderr]     Checking quick-error v1.2.3
[INFO] [stderr]    Compiling httparse v1.3.4
[INFO] [stderr]    Compiling encoding_rs v0.8.22
[INFO] [stderr]     Checking sha1 v0.6.0
[INFO] [stderr]     Checking base64 v0.11.0
[INFO] [stderr]     Checking thread_local v0.3.6
[INFO] [stderr]    Compiling brotli-sys v0.3.2
[INFO] [stderr]     Checking lock_api v0.3.2
[INFO] [stderr]    Compiling num-traits v0.2.10
[INFO] [stderr]    Compiling num-integer v0.1.41
[INFO] [stderr]    Compiling indexmap v1.3.0
[INFO] [stderr]     Checking unicode-bidi v0.3.4
[INFO] [stderr]     Checking miniz_oxide v0.3.5
[INFO] [stderr]     Checking futures-channel v0.3.1
[INFO] [stderr]     Checking unicode-normalization v0.1.11
[INFO] [stderr]     Checking log v0.4.8
[INFO] [stderr]     Checking lru-cache v0.1.2
[INFO] [stderr]     Checking crc32fast v1.2.0
[INFO] [stderr]     Checking iovec v0.1.4
[INFO] [stderr]     Checking net2 v0.2.33
[INFO] [stderr]     Checking signal-hook-registry v1.2.0
[INFO] [stderr]     Checking parking_lot_core v0.7.0
[INFO] [stderr]     Checking getrandom v0.1.13
[INFO] [stderr]     Checking socket2 v0.3.11
[INFO] [stderr]     Checking hostname v0.1.5
[INFO] [stderr]     Checking time v0.1.42
[INFO] [stderr]     Checking backtrace-sys v0.1.32
[INFO] [stderr]     Checking http v0.2.0
[INFO] [stderr]     Checking bytestring v0.1.2
[INFO] [stderr]     Checking fxhash v0.2.1
[INFO] [stderr]     Checking c2-chacha v0.2.3
[INFO] [stderr]     Checking threadpool v1.7.1
[INFO] [stderr]     Checking regex v1.3.1
[INFO] [stderr]     Checking backtrace v0.3.40
[INFO] [stderr]     Checking resolv-conf v0.6.2
[INFO] [stderr]     Checking mio v0.6.21
[INFO] [stderr]     Checking rand_core v0.5.1
[INFO] [stderr]     Checking parking_lot v0.10.0
[INFO] [stderr]     Checking flate2 v1.0.13
[INFO] [stderr]     Checking rand_chacha v0.2.1
[INFO] [stderr]     Checking idna v0.2.0
[INFO] [stderr]     Checking rand v0.7.2
[INFO] [stderr]     Checking mio-uds v0.6.7
[INFO] [stderr]     Checking url v2.1.0
[INFO] [stderr]     Checking tokio v0.2.6
[INFO] [stderr]     Checking chrono v0.4.10
[INFO] [stderr]     Checking brotli2 v0.3.2
[INFO] [stderr]     Checking tokio-util v0.2.0
[INFO] [stderr]     Checking actix-codec v0.2.0
[INFO] [stderr]    Compiling synstructure v0.12.3
[INFO] [stderr]    Compiling proc-macro-hack v0.5.11
[INFO] [stderr]    Compiling derive_more v0.99.2
[INFO] [stderr]    Compiling pin-project-internal v0.4.6
[INFO] [stderr]    Compiling actix-macros v0.1.1
[INFO] [stderr]    Compiling serde_derive v1.0.104
[INFO] [stderr]    Compiling failure_derive v0.1.6
[INFO] [stderr]    Compiling enum-as-inner v0.3.0
[INFO] [stderr]    Compiling async-trait v0.1.22
[INFO] [stderr]    Compiling actix-web-codegen v0.2.0
[INFO] [stderr]    Compiling futures-macro v0.3.1
[INFO] [stderr]     Checking failure v0.1.6
[INFO] [stderr]     Checking pin-project v0.4.6
[INFO] [stderr]     Checking futures-util v0.3.1
[INFO] [stderr]     Checking actix-threadpool v0.3.1
[INFO] [stderr]     Checking futures-executor v0.3.1
[INFO] [stderr]     Checking actix-service v1.0.1
[INFO] [stderr]     Checking h2 v0.2.1
[INFO] [stderr]     Checking futures v0.3.1
[INFO] [stderr]     Checking actix-rt v1.0.0
[INFO] [stderr]     Checking trust-dns-proto v0.18.0-alpha.2
[INFO] [stderr]     Checking actix-utils v1.0.4
[INFO] [stderr]     Checking actix-server v1.0.1
[INFO] [stderr]     Checking actix-tls v1.0.0
[INFO] [stderr]     Checking actix-testing v1.0.0
[INFO] [stderr]     Checking trust-dns-resolver v0.18.0-alpha.2
[INFO] [stderr]     Checking actix-connect v1.0.1
[INFO] [stderr]     Checking serde_urlencoded v0.6.1
[INFO] [stderr]     Checking serde_json v1.0.44
[INFO] [stderr]     Checking actix-router v0.2.4
[INFO] [stderr]     Checking actix-http v1.0.1
[INFO] [stderr]     Checking awc v1.0.1
[INFO] [stderr]     Checking actix-web v2.0.0
[INFO] [stderr]     Checking actix_problem v0.1.0 (/opt/rustwide/workdir)
[INFO] [stdout] warning: unused import: `actix_web::web::Bytes`
[INFO] [stdout]  --> src/main.rs:2:5
[INFO] [stdout]   |
[INFO] [stdout] 2 | use actix_web::web::Bytes;
[INFO] [stdout]   |     ^^^^^^^^^^^^^^^^^^^^^
[INFO] [stdout]   |
[INFO] [stdout]   = note: `#[warn(unused_imports)]` on by default
[INFO] [stdout] 
[INFO] [stdout] 
[INFO] [stdout] warning: unused import: `std::pin::Pin`
[INFO] [stdout]  --> src/main.rs:3:5
[INFO] [stdout]   |
[INFO] [stdout] 3 | use std::pin::Pin;
[INFO] [stdout]   |     ^^^^^^^^^^^^^
[INFO] [stdout] 
[INFO] [stdout] 
[INFO] [stdout] warning: unused import: `futures::Stream`
[INFO] [stdout]  --> src/main.rs:5:5
[INFO] [stdout]   |
[INFO] [stdout] 5 | use futures::Stream;
[INFO] [stdout]   |     ^^^^^^^^^^^^^^^
[INFO] [stdout] 
[INFO] [stdout] 
[INFO] [stdout] warning: unused import: `actix_web::error::PayloadError`
[INFO] [stdout]  --> src/main.rs:6:5
[INFO] [stdout]   |
[INFO] [stdout] 6 | use actix_web::error::PayloadError;
[INFO] [stdout]   |     ^^^^^^^^^^^^^^^^^^^^^^^^^^^^^^
[INFO] [stdout] 
[INFO] [stdout] 
[INFO] [stdout] warning: trait objects without an explicit `dyn` are deprecated
[INFO] [stdout]   --> src/main.rs:20:9
[INFO] [stdout]    |
[INFO] [stdout] 20 |         FnOnce(RealSessionRepository) -> Box<(dyn SessionRepository)>,
[INFO] [stdout]    |         ^^^^^^^^^^^^^^^^^^^^^^^^^^^^^^^^^^^^^^^^^^^^^^^^^^^^^^^^^^^^^ help: use `dyn`: `dyn FnOnce(RealSessionRepository) -> Box<(dyn SessionRepository)>`
[INFO] [stdout]    |
[INFO] [stdout]    = note: `#[warn(bare_trait_objects)]` on by default
[INFO] [stdout] 
[INFO] [stdout] 
[INFO] [stdout] warning: unused import: `actix_web::web::Bytes`
[INFO] [stdout]  --> src/main.rs:2:5
[INFO] [stdout]   |
[INFO] [stdout] 2 | use actix_web::web::Bytes;
[INFO] [stdout]   |     ^^^^^^^^^^^^^^^^^^^^^
[INFO] [stdout]   |
[INFO] [stdout]   = note: `#[warn(unused_imports)]` on by default
[INFO] [stdout] 
[INFO] [stdout] 
[INFO] [stdout] warning: unused import: `std::pin::Pin`
[INFO] [stdout]  --> src/main.rs:3:5
[INFO] [stdout]   |
[INFO] [stdout] 3 | use std::pin::Pin;
[INFO] [stdout]   |     ^^^^^^^^^^^^^
[INFO] [stdout] 
[INFO] [stdout] 
[INFO] [stdout] warning: unused import: `futures::Stream`
[INFO] [stdout]  --> src/main.rs:5:5
[INFO] [stdout]   |
[INFO] [stdout] 5 | use futures::Stream;
[INFO] [stdout]   |     ^^^^^^^^^^^^^^^
[INFO] [stdout] 
[INFO] [stdout] 
[INFO] [stdout] warning: unused import: `actix_web::error::PayloadError`
[INFO] [stdout]  --> src/main.rs:6:5
[INFO] [stdout]   |
[INFO] [stdout] 6 | use actix_web::error::PayloadError;
[INFO] [stdout]   |     ^^^^^^^^^^^^^^^^^^^^^^^^^^^^^^
[INFO] [stdout] 
[INFO] [stdout] 
[INFO] [stdout] warning: trait objects without an explicit `dyn` are deprecated
[INFO] [stdout]   --> src/main.rs:20:9
[INFO] [stdout]    |
[INFO] [stdout] 20 |         FnOnce(RealSessionRepository) -> Box<(dyn SessionRepository)>,
[INFO] [stdout]    |         ^^^^^^^^^^^^^^^^^^^^^^^^^^^^^^^^^^^^^^^^^^^^^^^^^^^^^^^^^^^^^ help: use `dyn`: `dyn FnOnce(RealSessionRepository) -> Box<(dyn SessionRepository)>`
[INFO] [stdout]    |
[INFO] [stdout]    = note: `#[warn(bare_trait_objects)]` on by default
[INFO] [stdout] 
[INFO] [stdout] 
[INFO] [stdout] error[E0277]: the size for values of type `(dyn FnOnce(RealSessionRepository) -> Box<(dyn SessionRepository + 'static)> + 'static)` cannot be known at compilation time
[INFO] [stdout]   --> src/main.rs:16:6
[INFO] [stdout]    |
[INFO] [stdout] 16 | impl ::actix_web::FromRequest for Box<dyn SessionRepository> {
[INFO] [stdout]    |      ^^^^^^^^^^^^^^^^^^^^^^^^ doesn't have a size known at compile-time
[INFO] [stdout]    |
[INFO] [stdout]    = help: the trait `std::marker::Sized` is not implemented for `(dyn FnOnce(RealSessionRepository) -> Box<(dyn SessionRepository + 'static)> + 'static)`
[INFO] [stdout]    = note: required because of the requirements on the impl of `futures::Future` for `futures::future::MapOk<futures::future::Ready<std::result::Result<Box<(dyn SessionRepository + 'static)>, actix_web::Error>>, (dyn FnOnce(RealSessionRepository) -> Box<(dyn SessionRepository + 'static)> + 'static)>`
[INFO] [stdout] 
[INFO] [stdout] 
[INFO] [stdout] error[E0277]: expected a `FnOnce<(Box<(dyn SessionRepository + 'static)>,)>` closure, found `(dyn FnOnce(RealSessionRepository) -> Box<(dyn SessionRepository + 'static)> + 'static)`
[INFO] [stdout]   --> src/main.rs:16:6
[INFO] [stdout]    |
[INFO] [stdout] 16 | impl ::actix_web::FromRequest for Box<dyn SessionRepository> {
[INFO] [stdout]    |      ^^^^^^^^^^^^^^^^^^^^^^^^ expected an `FnOnce<(Box<(dyn SessionRepository + 'static)>,)>` closure, found `(dyn FnOnce(RealSessionRepository) -> Box<(dyn SessionRepository + 'static)> + 'static)`
[INFO] [stdout]    |
[INFO] [stdout]    = help: the trait `FnOnce<(Box<(dyn SessionRepository + 'static)>,)>` is not implemented for `(dyn FnOnce(RealSessionRepository) -> Box<(dyn SessionRepository + 'static)> + 'static)`
[INFO] [stdout]    = note: required because of the requirements on the impl of `futures::Future` for `futures::future::MapOk<futures::future::Ready<std::result::Result<Box<(dyn SessionRepository + 'static)>, actix_web::Error>>, (dyn FnOnce(RealSessionRepository) -> Box<(dyn SessionRepository + 'static)> + 'static)>`
[INFO] [stdout] 
[INFO] [stdout] 
[INFO] [stdout] error[E0277]: the size for values of type `(dyn FnOnce(RealSessionRepository) -> Box<(dyn SessionRepository + 'static)> + 'static)` cannot be known at compilation time
[INFO] [stdout]   --> src/main.rs:18:5
[INFO] [stdout]    |
[INFO] [stdout] 18 | /     type Future = ::futures::future::MapOk<
[INFO] [stdout] 19 | |         ::futures::future::Ready<Result<Self, Self::Error>>,
[INFO] [stdout] 20 | |         FnOnce(RealSessionRepository) -> Box<(dyn SessionRepository)>,
[INFO] [stdout] 21 | |     >;
[INFO] [stdout]    | |______^ doesn't have a size known at compile-time
[INFO] [stdout]    | 
[INFO] [stdout]   ::: /opt/rustwide/cargo-home/registry/src/github.com-1ecc6299db9ec823/futures-util-0.3.1/src/future/try_future/map_ok.rs:9:23
[INFO] [stdout]    |
[INFO] [stdout] 9  |   pub struct MapOk<Fut, F> {
[INFO] [stdout]    |                         - required by this bound in `futures::future::MapOk`
[INFO] [stdout]    |
[INFO] [stdout]    = help: the trait `std::marker::Sized` is not implemented for `(dyn FnOnce(RealSessionRepository) -> Box<(dyn SessionRepository + 'static)> + 'static)`
[INFO] [stdout] 
[INFO] [stdout] 
[INFO] [stdout] error[E0277]: the size for values of type `(dyn FnOnce(RealSessionRepository) -> Box<(dyn SessionRepository + 'static)> + 'static)` cannot be known at compilation time
[INFO] [stdout]   --> src/main.rs:27:10
[INFO] [stdout]    |
[INFO] [stdout] 27 |     ) -> Self::Future {
[INFO] [stdout]    |          ^^^^^^^^^^^^ doesn't have a size known at compile-time
[INFO] [stdout]    | 
[INFO] [stdout]   ::: /opt/rustwide/cargo-home/registry/src/github.com-1ecc6299db9ec823/futures-util-0.3.1/src/future/try_future/map_ok.rs:9:23
[INFO] [stdout]    |
[INFO] [stdout] 9  | pub struct MapOk<Fut, F> {
[INFO] [stdout]    |                       - required by this bound in `futures::future::MapOk`
[INFO] [stdout]    |
[INFO] [stdout]    = help: the trait `std::marker::Sized` is not implemented for `(dyn FnOnce(RealSessionRepository) -> Box<(dyn SessionRepository + 'static)> + 'static)`
[INFO] [stdout] 
[INFO] [stdout] 
[INFO] [stdout] error: aborting due to 4 previous errors; 5 warnings emitted
[INFO] [stdout] 
[INFO] [stdout] 
[INFO] [stdout] For more information about this error, try `rustc --explain E0277`.
[INFO] [stdout] 
[INFO] [stdout] error[E0277]: the size for values of type `(dyn FnOnce(RealSessionRepository) -> Box<(dyn SessionRepository + 'static)> + 'static)` cannot be known at compilation time
[INFO] [stdout]   --> src/main.rs:16:6
[INFO] [stdout]    |
[INFO] [stdout] 16 | impl ::actix_web::FromRequest for Box<dyn SessionRepository> {
[INFO] [stdout]    |      ^^^^^^^^^^^^^^^^^^^^^^^^ doesn't have a size known at compile-time
[INFO] [stdout]    |
[INFO] [stdout]    = help: the trait `std::marker::Sized` is not implemented for `(dyn FnOnce(RealSessionRepository) -> Box<(dyn SessionRepository + 'static)> + 'static)`
[INFO] [stdout]    = note: required because of the requirements on the impl of `futures::Future` for `futures::future::MapOk<futures::future::Ready<std::result::Result<Box<(dyn SessionRepository + 'static)>, actix_web::Error>>, (dyn FnOnce(RealSessionRepository) -> Box<(dyn SessionRepository + 'static)> + 'static)>`
[INFO] [stdout] 
[INFO] [stdout] 
[INFO] [stdout] error[E0277]: expected a `FnOnce<(Box<(dyn SessionRepository + 'static)>,)>` closure, found `(dyn FnOnce(RealSessionRepository) -> Box<(dyn SessionRepository + 'static)> + 'static)`
[INFO] [stdout]   --> src/main.rs:16:6
[INFO] [stdout]    |
[INFO] [stdout] 16 | impl ::actix_web::FromRequest for Box<dyn SessionRepository> {
[INFO] [stdout]    |      ^^^^^^^^^^^^^^^^^^^^^^^^ expected an `FnOnce<(Box<(dyn SessionRepository + 'static)>,)>` closure, found `(dyn FnOnce(RealSessionRepository) -> Box<(dyn SessionRepository + 'static)> + 'static)`
[INFO] [stdout]    |
[INFO] [stdout]    = help: the trait `FnOnce<(Box<(dyn SessionRepository + 'static)>,)>` is not implemented for `(dyn FnOnce(RealSessionRepository) -> Box<(dyn SessionRepository + 'static)> + 'static)`
[INFO] [stdout]    = note: required because of the requirements on the impl of `futures::Future` for `futures::future::MapOk<futures::future::Ready<std::result::Result<Box<(dyn SessionRepository + 'static)>, actix_web::Error>>, (dyn FnOnce(RealSessionRepository) -> Box<(dyn SessionRepository + 'static)> + 'static)>`
[INFO] [stdout] 
[INFO] [stdout] 
[INFO] [stdout] error[E0277]: the size for values of type `(dyn FnOnce(RealSessionRepository) -> Box<(dyn SessionRepository + 'static)> + 'static)` cannot be known at compilation time
[INFO] [stdout]   --> src/main.rs:18:5
[INFO] [stdout]    |
[INFO] [stdout] 18 | /     type Future = ::futures::future::MapOk<
[INFO] [stdout] 19 | |         ::futures::future::Ready<Result<Self, Self::Error>>,
[INFO] [stdout] 20 | |         FnOnce(RealSessionRepository) -> Box<(dyn SessionRepository)>,
[INFO] [stdout] 21 | |     >;
[INFO] [stdout]    | |______^ doesn't have a size known at compile-time
[INFO] [stdout]    | 
[INFO] [stdout]   ::: /opt/rustwide/cargo-home/registry/src/github.com-1ecc6299db9ec823/futures-util-0.3.1/src/future/try_future/map_ok.rs:9:23
[INFO] [stdout]    |
[INFO] [stdout] 9  |   pub struct MapOk<Fut, F> {
[INFO] [stdout]    |                         - required by this bound in `futures::future::MapOk`
[INFO] [stdout]    |
[INFO] [stdout]    = help: the trait `std::marker::Sized` is not implemented for `(dyn FnOnce(RealSessionRepository) -> Box<(dyn SessionRepository + 'static)> + 'static)`
[INFO] [stdout] 
[INFO] [stdout] 
[INFO] [stdout] error[E0277]: the size for values of type `(dyn FnOnce(RealSessionRepository) -> Box<(dyn SessionRepository + 'static)> + 'static)` cannot be known at compilation time
[INFO] [stdout]   --> src/main.rs:27:10
[INFO] [stdout]    |
[INFO] [stdout] 27 |     ) -> Self::Future {
[INFO] [stdout]    |          ^^^^^^^^^^^^ doesn't have a size known at compile-time
[INFO] [stdout]    | 
[INFO] [stdout]   ::: /opt/rustwide/cargo-home/registry/src/github.com-1ecc6299db9ec823/futures-util-0.3.1/src/future/try_future/map_ok.rs:9:23
[INFO] [stdout]    |
[INFO] [stdout] 9  | pub struct MapOk<Fut, F> {
[INFO] [stdout]    |                       - required by this bound in `futures::future::MapOk`
[INFO] [stdout]    |
[INFO] [stdout]    = help: the trait `std::marker::Sized` is not implemented for `(dyn FnOnce(RealSessionRepository) -> Box<(dyn SessionRepository + 'static)> + 'static)`
[INFO] [stdout] 
[INFO] [stdout] 
[INFO] [stderr] error: could not compile `actix_problem`.
[INFO] [stderr] 
[INFO] [stderr] To learn more, run the command again with --verbose.
[INFO] [stderr] warning: build failed, waiting for other jobs to finish...
[INFO] [stdout] error: aborting due to 4 previous errors; 5 warnings emitted
[INFO] [stdout] 
[INFO] [stdout] 
[INFO] [stdout] For more information about this error, try `rustc --explain E0277`.
[INFO] [stdout] 
[INFO] [stderr] error: build failed
[INFO] running `Command { std: "docker" "inspect" "3f1b567860a29fd4feeae84bef60b9233d5777fd280ab0d38c87facd22376009", kill_on_drop: false }`
[INFO] running `Command { std: "docker" "rm" "-f" "3f1b567860a29fd4feeae84bef60b9233d5777fd280ab0d38c87facd22376009", kill_on_drop: false }`
[INFO] [stdout] 3f1b567860a29fd4feeae84bef60b9233d5777fd280ab0d38c87facd22376009
